{"id":34,"date":"2018-02-05T17:53:32","date_gmt":"2018-02-05T16:53:32","guid":{"rendered":"http:\/\/www.jlu.u-psud.fr\/?page_id=34"},"modified":"2026-03-26T15:22:27","modified_gmt":"2026-03-26T14:22:27","slug":"presentation-des-jlu","status":"publish","type":"page","link":"https:\/\/www.jlu.universite-paris-saclay.fr\/","title":{"rendered":"Accueil &#8211; Journ\u00e9es Lyc\u00e9e Universit\u00e9 &#8211; Facult\u00e9 des Sciences d&rsquo;Orsay"},"content":{"rendered":"\n<h2 class=\"wp-block-heading\">JLU 2026<\/h2>\n\n\n\n<p class=\"has-black-color has-text-color has-link-color wp-elements-9ac00cf961d1ea846fe5a532228b76c6\"><\/p>\n\n\n\n<div class=\"wp-block-cover\" style=\"min-height:291px;aspect-ratio:unset;\"><span aria-hidden=\"true\" class=\"wp-block-cover__background has-background-dim\"><\/span><img loading=\"lazy\" decoding=\"async\" width=\"1024\" height=\"471\" class=\"wp-block-cover__image-background wp-image-982\" alt=\"\" src=\"http:\/\/www.jlu.universite-paris-saclay.fr\/wp-content\/uploads\/2025\/07\/Image_JLU2025-1024x471.jpg\" style=\"object-position:44% 52%\" data-object-fit=\"cover\" data-object-position=\"44% 52%\" srcset=\"https:\/\/www.jlu.universite-paris-saclay.fr\/wp-content\/uploads\/2025\/07\/Image_JLU2025-1024x471.jpg 1024w, https:\/\/www.jlu.universite-paris-saclay.fr\/wp-content\/uploads\/2025\/07\/Image_JLU2025-300x138.jpg 300w, https:\/\/www.jlu.universite-paris-saclay.fr\/wp-content\/uploads\/2025\/07\/Image_JLU2025-768x353.jpg 768w, https:\/\/www.jlu.universite-paris-saclay.fr\/wp-content\/uploads\/2025\/07\/Image_JLU2025.jpg 1106w\" sizes=\"auto, (max-width: 767px) 89vw, (max-width: 1000px) 54vw, (max-width: 1071px) 543px, 580px\" \/><div class=\"wp-block-cover__inner-container is-layout-flow wp-block-cover-is-layout-flow\">\n<p><\/p>\n\n\n\n<h2 class=\"wp-block-heading has-text-align-center has-white-color has-text-color has-link-color wp-elements-edbf9e2ebcfdcfbd57c447c6d66f23a0\" style=\"font-size:30px\">Journ\u00e9e Lyc\u00e9e Universit\u00e9 &#8211; 20 mai 2026<br><\/h2>\n<\/div><\/div>\n\n\n\n<p><\/p>\n\n\n\n<p><\/p>\n\n\n\n<div class=\"wp-block-columns is-layout-flex wp-container-core-columns-is-layout-3 wp-block-columns-is-layout-flex\">\n<div class=\"wp-block-column is-layout-flow wp-block-column-is-layout-flow\" style=\"flex-basis:100%\">\n<div class=\"wp-block-group\"><div class=\"wp-block-group__inner-container is-layout-constrained wp-block-group-is-layout-constrained\">\n<p class=\"has-text-align-center has-text-color has-background has-link-color wp-elements-c537262d6ed769dd4d3f42852cd9fd8e\" style=\"color:#8b0f6c;background-color:#abb7c2de;font-size:24px;font-style:normal;font-weight:800;line-height:0.1\"><strong><br><img decoding=\"async\" class=\"wp-image-1050\" style=\"width: NaNpx;\" src=\"http:\/\/www.jlu.universite-paris-saclay.fr\/wp-content\/uploads\/2026\/03\/AfficheJLU26-3.pdf\" alt=\"\">Langage et apprentissages en sciences<\/strong><\/p>\n\n\n\n<div class=\"wp-block-columns is-layout-flex wp-container-core-columns-is-layout-2 wp-block-columns-is-layout-flex\">\n<div class=\"wp-block-column is-layout-flow wp-block-column-is-layout-flow\" style=\"flex-basis:100%\">\n<p class=\"has-black-color has-text-color has-link-color wp-elements-60a17a1a11c6b8c45937dfe14e69c25c\"><img decoding=\"async\" class=\"wp-image-1052\" style=\"width: NaNpx;\" src=\"http:\/\/www.jlu.universite-paris-saclay.fr\/wp-content\/uploads\/2026\/03\/AfficheJLU26-3-1.pdf\" alt=\"\"><\/p>\n\n\n<div class=\"wp-block-image\">\n<figure class=\"aligncenter size-large is-resized\"><a href=\"http:\/\/www.jlu.universite-paris-saclay.fr\/wp-content\/uploads\/2026\/03\/AfficheJLU26-3-10.pdf\"><img loading=\"lazy\" decoding=\"async\" width=\"724\" height=\"1024\" src=\"http:\/\/www.jlu.universite-paris-saclay.fr\/wp-content\/uploads\/2026\/03\/AfficheJLU26-3-10-pdf-724x1024.jpg\" alt=\"\" class=\"wp-image-1093\" style=\"width:257px;height:auto\"\/><\/a><\/figure><\/div>\n\n\n<div class=\"wp-block-columns is-layout-flex wp-container-core-columns-is-layout-1 wp-block-columns-is-layout-flex\">\n<div class=\"wp-block-column is-layout-flow wp-block-column-is-layout-flow\" style=\"flex-basis:100%\">\n<p><\/p>\n\n\n\n<p class=\"has-text-align-left has-white-color has-text-color has-background has-link-color wp-elements-c537026a4c59127ded627c3f409acf21\" style=\"background-color:#8b0f6c\">En coh\u00e9rence avec la JLU 2025, <strong>la journ\u00e9e du 20 mai 2026<\/strong> sera consacr\u00e9e \u00e0 la place et au r\u00f4le du langage, \u00e9crit et oral, dans les apprentissages conceptuels et m\u00e9thodologiques en sciences (g\u00e9ologie, physique, chimie, outils math\u00e9matiques, d\u00e9marche exp\u00e9rimentale). <br>Elle visera \u00e0 outiller les enseignants, d\u2019une part, pour accompagner le<strong> d\u00e9bat scientifique en classe<\/strong> et, d\u2019autre part, face \u00e0 l\u2019utilisation immod\u00e9r\u00e9e que font les \u00e9l\u00e8ves de l\u2019IA pour r\u00e9diger leurs \u00e9crits. Le travail men\u00e9 permettra d&rsquo;identifier d&rsquo;\u00e9ventuelles <strong>diff\u00e9rences entre disciplines, entre lyc\u00e9e et universit\u00e9<\/strong>, et clarifier les diff\u00e9rents discours et \u00e9ventuels malentendus auxquels sont expos\u00e9s \u00e9l\u00e8ves et \u00e9tudiants.<\/p>\n<\/div>\n<\/div>\n<\/div>\n<\/div>\n<\/div><\/div>\n<\/div>\n<\/div>\n\n\n\n<div class=\"wp-block-columns is-layout-flex wp-container-core-columns-is-layout-5 wp-block-columns-is-layout-flex\">\n<div class=\"wp-block-column is-layout-flow wp-block-column-is-layout-flow\" style=\"flex-basis:100%\">\n<div class=\"wp-block-group\"><div class=\"wp-block-group__inner-container is-layout-constrained wp-block-group-is-layout-constrained\">\n<h2 class=\"wp-block-heading has-text-align-left has-text-color has-background has-link-color wp-elements-20dac57cefe3499d6bafbb2942e7c3e2\" style=\"color:#8b0f6c;background-color:#abb7c2de;font-size:15px;letter-spacing:1px;line-height:0.5;text-transform:uppercase\"><img loading=\"lazy\" decoding=\"async\" width=\"28\" height=\"28\" class=\"wp-image-1001\" style=\"width: 28px;\" src=\"http:\/\/www.jlu.universite-paris-saclay.fr\/wp-content\/uploads\/2026\/03\/image-3.png\" alt=\"\" srcset=\"https:\/\/www.jlu.universite-paris-saclay.fr\/wp-content\/uploads\/2026\/03\/image-3.png 160w, https:\/\/www.jlu.universite-paris-saclay.fr\/wp-content\/uploads\/2026\/03\/image-3-150x150.png 150w, https:\/\/www.jlu.universite-paris-saclay.fr\/wp-content\/uploads\/2026\/03\/image-3-100x100.png 100w\" sizes=\"auto, (max-width: 28px) 100vw, 28px\" \/>    <strong>Une approche participative <\/strong><\/h2>\n\n\n\n<div class=\"wp-block-group\"><div class=\"wp-block-group__inner-container is-layout-constrained wp-block-group-is-layout-constrained\">\n<p><\/p>\n\n\n\n<p class=\"has-black-color has-text-color has-link-color wp-elements-1d2873bdf9314bc331b59ffbb0396767\">Nous fonctionnerons sur un <strong>mode participatif<\/strong> incluant un travail par groupe, avec diff\u00e9rents supports (vid\u00e9os, transcription de s\u00e9quences de classe, \u00e9crits des \u00e9l\u00e8ves, documents de travail). Quelques \u00e9l\u00e9ments th\u00e9oriques et m\u00e9thodologiques seront apport\u00e9s pour soutenir les analyses.<\/p>\n<\/div><\/div>\n<\/div><\/div>\n\n\n\n<p><\/p>\n\n\n\n<h2 class=\"wp-block-heading has-text-align-left has-text-color has-background has-link-color wp-elements-412a6ee1a5ca45836a6d85ddd8fc433c\" style=\"color:#8b0f6c;background-color:#abb7c2de;font-size:15px;letter-spacing:1px;line-height:0.9;text-transform:uppercase\"><strong>Equipe d&rsquo;animation<\/strong><\/h2>\n\n\n\n<p class=\"has-text-align-left has-black-color has-text-color has-link-color wp-elements-a699d4d6cac541a510c9b6267cca2c65\"><br>La journ\u00e9e sera anim\u00e9e par <strong>l&rsquo;\u00e9quipe du labE3D, Universit\u00e9 de Bordeaux<\/strong>, sp\u00e9cialis\u00e9e dans&nbsp;les pratiques langagi\u00e8res sp\u00e9cifiques aux sciences :<\/p>\n\n\n\n<div class=\"wp-block-columns is-layout-flex wp-container-core-columns-is-layout-4 wp-block-columns-is-layout-flex\">\n<div class=\"wp-block-column has-black-color has-text-color has-link-color wp-elements-0aad5f5d658452fb7677c67ee8427462 is-layout-flow wp-block-column-is-layout-flow\">\n<p class=\"has-text-color has-link-color wp-elements-be9c6b50e94e172100df1ac1895294de\" style=\"color:#8b0f6c\"><strong>Patricia Schneeberger<\/strong><\/p>\n\n\n\n<p>Professeur des Universit\u00e9s \u00e9m\u00e9rite, Didactique des SVT<\/p>\n<\/div>\n\n\n\n<div class=\"wp-block-column has-black-color has-text-color has-link-color wp-elements-93051e60f31a63626f7419aa85708540 is-layout-flow wp-block-column-is-layout-flow\">\n<p class=\"has-text-color has-link-color wp-elements-8eccfe84cdacddf63536bcec2e3b9c95\" style=\"color:#8b0f6c\"><strong>Martine Jaubert<\/strong><\/p>\n\n\n\n<p>Professeur des Universit\u00e9s \u00e9m\u00e9rite, Didactique du fran\u00e7ais<\/p>\n<\/div>\n\n\n\n<div class=\"wp-block-column has-black-color has-text-color has-link-color wp-elements-7e5584d43f88cfb999eb3d0252075523 is-layout-flow wp-block-column-is-layout-flow\">\n<p class=\"has-text-color has-link-color wp-elements-c994640a08aae92a1bcdc384ccbdda66\" style=\"color:#8b0f6c\"><strong>Yann Lhoste<\/strong><\/p>\n\n\n\n<p>Professeur des Universit\u00e9s, Didactique des SVT<\/p>\n<\/div>\n<\/div>\n<\/div>\n<\/div>\n\n\n\n<h2 class=\"wp-block-heading\"><\/h2>\n\n\n\n<div class=\"wp-block-group\"><div class=\"wp-block-group__inner-container is-layout-constrained wp-block-group-is-layout-constrained\">\n<div class=\"wp-block-group\"><div class=\"wp-block-group__inner-container is-layout-constrained wp-block-group-is-layout-constrained\">\n<div class=\"wp-block-columns is-layout-flex wp-container-core-columns-is-layout-6 wp-block-columns-is-layout-flex\"><\/div>\n<\/div><\/div>\n<\/div><\/div>\n\n\n\n<p class=\"has-black-color has-text-color has-link-color wp-elements-9ac00cf961d1ea846fe5a532228b76c6\"><\/p>\n\n\n\n<p><\/p>\n","protected":false},"excerpt":{"rendered":"<p>JLU 2026 Langage et apprentissages en sciences En coh\u00e9rence avec la JLU 2025, la journ\u00e9e du 20 mai 2026 sera consacr\u00e9e \u00e0 la place et au r\u00f4le du langage, \u00e9crit et oral, dans les apprentissages conceptuels et m\u00e9thodologiques en sciences (g\u00e9ologie, physique, chimie, outils math\u00e9matiques, d\u00e9marche exp\u00e9rimentale). Elle visera \u00e0 outiller les enseignants, d\u2019une part, &hellip; <\/p>\n<p class=\"link-more\"><a href=\"https:\/\/www.jlu.universite-paris-saclay.fr\/\" class=\"more-link\">Continuer la lecture<span class=\"screen-reader-text\"> de &laquo;&nbsp;Accueil &#8211; Journ\u00e9es Lyc\u00e9e Universit\u00e9 &#8211; Facult\u00e9 des Sciences d&rsquo;Orsay&nbsp;&raquo;<\/span><\/a><\/p>\n","protected":false},"author":3,"featured_media":0,"parent":0,"menu_order":0,"comment_status":"closed","ping_status":"closed","template":"","meta":{"footnotes":""},"class_list":["post-34","page","type-page","status-publish","hentry"],"_links":{"self":[{"href":"https:\/\/www.jlu.universite-paris-saclay.fr\/index.php?rest_route=\/wp\/v2\/pages\/34","targetHints":{"allow":["GET"]}}],"collection":[{"href":"https:\/\/www.jlu.universite-paris-saclay.fr\/index.php?rest_route=\/wp\/v2\/pages"}],"about":[{"href":"https:\/\/www.jlu.universite-paris-saclay.fr\/index.php?rest_route=\/wp\/v2\/types\/page"}],"author":[{"embeddable":true,"href":"https:\/\/www.jlu.universite-paris-saclay.fr\/index.php?rest_route=\/wp\/v2\/users\/3"}],"replies":[{"embeddable":true,"href":"https:\/\/www.jlu.universite-paris-saclay.fr\/index.php?rest_route=%2Fwp%2Fv2%2Fcomments&post=34"}],"version-history":[{"count":151,"href":"https:\/\/www.jlu.universite-paris-saclay.fr\/index.php?rest_route=\/wp\/v2\/pages\/34\/revisions"}],"predecessor-version":[{"id":1113,"href":"https:\/\/www.jlu.universite-paris-saclay.fr\/index.php?rest_route=\/wp\/v2\/pages\/34\/revisions\/1113"}],"wp:attachment":[{"href":"https:\/\/www.jlu.universite-paris-saclay.fr\/index.php?rest_route=%2Fwp%2Fv2%2Fmedia&parent=34"}],"curies":[{"name":"wp","href":"https:\/\/api.w.org\/{rel}","templated":true}]}}

Accueil &#8211; Journées Lycée Université &#8211; Faculté des Sciences d&rsquo;Orsay

<h2 class="wp-block-heading">JLU 2026</h2>



<p class="has-black-color has-text-color has-link-color wp-elements-9ac00cf961d1ea846fe5a532228b76c6"></p>



<div class="wp-block-cover" style="min-height:291px;aspect-ratio:unset;"><span aria-hidden="true" class="wp-block-cover__background has-background-dim"></span><img loading="lazy" decoding="async" width="1024" height="471" class="wp-block-cover__image-background wp-image-982" alt="" src="http://www.jlu.universite-paris-saclay.fr/wp-content/uploads/2025/07/Image_JLU2025-1024x471.jpg" style="object-position:44% 52%" data-object-fit="cover" data-object-position="44% 52%" srcset="https://www.jlu.universite-paris-saclay.fr/wp-content/uploads/2025/07/Image_JLU2025-1024x471.jpg 1024w, https://www.jlu.universite-paris-saclay.fr/wp-content/uploads/2025/07/Image_JLU2025-300x138.jpg 300w, https://www.jlu.universite-paris-saclay.fr/wp-content/uploads/2025/07/Image_JLU2025-768x353.jpg 768w, https://www.jlu.universite-paris-saclay.fr/wp-content/uploads/2025/07/Image_JLU2025.jpg 1106w" sizes="auto, (max-width: 767px) 89vw, (max-width: 1000px) 54vw, (max-width: 1071px) 543px, 580px" /><div class="wp-block-cover__inner-container is-layout-flow wp-block-cover-is-layout-flow">
<p></p>



<h2 class="wp-block-heading has-text-align-center has-white-color has-text-color has-link-color wp-elements-edbf9e2ebcfdcfbd57c447c6d66f23a0" style="font-size:30px">Journée Lycée Université &#8211; 20 mai 2026<br></h2>
</div></div>



<p></p>



<p></p>



<div class="wp-block-columns is-layout-flex wp-container-core-columns-is-layout-3 wp-block-columns-is-layout-flex">
<div class="wp-block-column is-layout-flow wp-block-column-is-layout-flow" style="flex-basis:100%">
<div class="wp-block-group"><div class="wp-block-group__inner-container is-layout-constrained wp-block-group-is-layout-constrained">
<p class="has-text-align-center has-text-color has-background has-link-color wp-elements-c537262d6ed769dd4d3f42852cd9fd8e" style="color:#8b0f6c;background-color:#abb7c2de;font-size:24px;font-style:normal;font-weight:800;line-height:0.1"><strong><br><img decoding="async" class="wp-image-1050" style="width: NaNpx;" src="http://www.jlu.universite-paris-saclay.fr/wp-content/uploads/2026/03/AfficheJLU26-3.pdf" alt="">Langage et apprentissages en sciences</strong></p>



<div class="wp-block-columns is-layout-flex wp-container-core-columns-is-layout-2 wp-block-columns-is-layout-flex">
<div class="wp-block-column is-layout-flow wp-block-column-is-layout-flow" style="flex-basis:100%">
<p class="has-black-color has-text-color has-link-color wp-elements-60a17a1a11c6b8c45937dfe14e69c25c"><img decoding="async" class="wp-image-1052" style="width: NaNpx;" src="http://www.jlu.universite-paris-saclay.fr/wp-content/uploads/2026/03/AfficheJLU26-3-1.pdf" alt=""></p>


<div class="wp-block-image">
<figure class="aligncenter size-large is-resized"><a href="http://www.jlu.universite-paris-saclay.fr/wp-content/uploads/2026/03/AfficheJLU26-3-10.pdf"><img loading="lazy" decoding="async" width="724" height="1024" src="http://www.jlu.universite-paris-saclay.fr/wp-content/uploads/2026/03/AfficheJLU26-3-10-pdf-724x1024.jpg" alt="" class="wp-image-1093" style="width:257px;height:auto"/></a></figure></div>


<div class="wp-block-columns is-layout-flex wp-container-core-columns-is-layout-1 wp-block-columns-is-layout-flex">
<div class="wp-block-column is-layout-flow wp-block-column-is-layout-flow" style="flex-basis:100%">
<p></p>



<p class="has-text-align-left has-white-color has-text-color has-background has-link-color wp-elements-c537026a4c59127ded627c3f409acf21" style="background-color:#8b0f6c">En cohérence avec la JLU 2025, <strong>la journée du 20 mai 2026</strong> sera consacrée à la place et au rôle du langage, écrit et oral, dans les apprentissages conceptuels et méthodologiques en sciences (géologie, physique, chimie, outils mathématiques, démarche expérimentale). <br>Elle visera à outiller les enseignants, d’une part, pour accompagner le<strong> débat scientifique en classe</strong> et, d’autre part, face à l’utilisation immodérée que font les élèves de l’IA pour rédiger leurs écrits. Le travail mené permettra d&rsquo;identifier d&rsquo;éventuelles <strong>différences entre disciplines, entre lycée et université</strong>, et clarifier les différents discours et éventuels malentendus auxquels sont exposés élèves et étudiants.</p>
</div>
</div>
</div>
</div>
</div></div>
</div>
</div>



<div class="wp-block-columns is-layout-flex wp-container-core-columns-is-layout-5 wp-block-columns-is-layout-flex">
<div class="wp-block-column is-layout-flow wp-block-column-is-layout-flow" style="flex-basis:100%">
<div class="wp-block-group"><div class="wp-block-group__inner-container is-layout-constrained wp-block-group-is-layout-constrained">
<h2 class="wp-block-heading has-text-align-left has-text-color has-background has-link-color wp-elements-20dac57cefe3499d6bafbb2942e7c3e2" style="color:#8b0f6c;background-color:#abb7c2de;font-size:15px;letter-spacing:1px;line-height:0.5;text-transform:uppercase"><img loading="lazy" decoding="async" width="28" height="28" class="wp-image-1001" style="width: 28px;" src="http://www.jlu.universite-paris-saclay.fr/wp-content/uploads/2026/03/image-3.png" alt="" srcset="https://www.jlu.universite-paris-saclay.fr/wp-content/uploads/2026/03/image-3.png 160w, https://www.jlu.universite-paris-saclay.fr/wp-content/uploads/2026/03/image-3-150x150.png 150w, https://www.jlu.universite-paris-saclay.fr/wp-content/uploads/2026/03/image-3-100x100.png 100w" sizes="auto, (max-width: 28px) 100vw, 28px" />    <strong>Une approche participative </strong></h2>



<div class="wp-block-group"><div class="wp-block-group__inner-container is-layout-constrained wp-block-group-is-layout-constrained">
<p></p>



<p class="has-black-color has-text-color has-link-color wp-elements-1d2873bdf9314bc331b59ffbb0396767">Nous fonctionnerons sur un <strong>mode participatif</strong> incluant un travail par groupe, avec différents supports (vidéos, transcription de séquences de classe, écrits des élèves, documents de travail). Quelques éléments théoriques et méthodologiques seront apportés pour soutenir les analyses.</p>
</div></div>
</div></div>



<p></p>



<h2 class="wp-block-heading has-text-align-left has-text-color has-background has-link-color wp-elements-412a6ee1a5ca45836a6d85ddd8fc433c" style="color:#8b0f6c;background-color:#abb7c2de;font-size:15px;letter-spacing:1px;line-height:0.9;text-transform:uppercase"><strong>Equipe d&rsquo;animation</strong></h2>



<p class="has-text-align-left has-black-color has-text-color has-link-color wp-elements-a699d4d6cac541a510c9b6267cca2c65"><br>La journée sera animée par <strong>l&rsquo;équipe du labE3D, Université de Bordeaux</strong>, spécialisée dans&nbsp;les pratiques langagières spécifiques aux sciences :</p>



<div class="wp-block-columns is-layout-flex wp-container-core-columns-is-layout-4 wp-block-columns-is-layout-flex">
<div class="wp-block-column has-black-color has-text-color has-link-color wp-elements-0aad5f5d658452fb7677c67ee8427462 is-layout-flow wp-block-column-is-layout-flow">
<p class="has-text-color has-link-color wp-elements-be9c6b50e94e172100df1ac1895294de" style="color:#8b0f6c"><strong>Patricia Schneeberger</strong></p>



<p>Professeur des Universités émérite, Didactique des SVT</p>
</div>



<div class="wp-block-column has-black-color has-text-color has-link-color wp-elements-93051e60f31a63626f7419aa85708540 is-layout-flow wp-block-column-is-layout-flow">
<p class="has-text-color has-link-color wp-elements-8eccfe84cdacddf63536bcec2e3b9c95" style="color:#8b0f6c"><strong>Martine Jaubert</strong></p>



<p>Professeur des Universités émérite, Didactique du français</p>
</div>



<div class="wp-block-column has-black-color has-text-color has-link-color wp-elements-7e5584d43f88cfb999eb3d0252075523 is-layout-flow wp-block-column-is-layout-flow">
<p class="has-text-color has-link-color wp-elements-c994640a08aae92a1bcdc384ccbdda66" style="color:#8b0f6c"><strong>Yann Lhoste</strong></p>



<p>Professeur des Universités, Didactique des SVT</p>
</div>
</div>
</div>
</div>



<h2 class="wp-block-heading"></h2>



<div class="wp-block-group"><div class="wp-block-group__inner-container is-layout-constrained wp-block-group-is-layout-constrained">
<div class="wp-block-group"><div class="wp-block-group__inner-container is-layout-constrained wp-block-group-is-layout-constrained">
<div class="wp-block-columns is-layout-flex wp-container-core-columns-is-layout-6 wp-block-columns-is-layout-flex"></div>
</div></div>
</div></div>



<p class="has-black-color has-text-color has-link-color wp-elements-9ac00cf961d1ea846fe5a532228b76c6"></p>



<p></p>

<p>JLU 2026 Langage et apprentissages en sciences En cohérence avec la JLU 2025, la journée du 20 mai 2026 sera consacrée à la place et au rôle du langage, écrit et oral, dans les apprentissages conceptuels et méthodologiques en sciences (géologie, physique, chimie, outils mathématiques, démarche expérimentale). Elle visera à outiller les enseignants, d’une part, &hellip; </p>
<p class="link-more"><a href="https://www.jlu.universite-paris-saclay.fr/" class="more-link">Continuer la lecture<span class="screen-reader-text"> de &laquo;&nbsp;Accueil &#8211; Journées Lycée Université &#8211; Faculté des Sciences d&rsquo;Orsay&nbsp;&raquo;</span></a></p>
