{"id":265,"date":"2018-11-12T16:19:29","date_gmt":"2018-11-12T15:19:29","guid":{"rendered":"http:\/\/www.jlu.u-psud.fr\/?page_id=265"},"modified":"2018-11-12T16:53:54","modified_gmt":"2018-11-12T15:53:54","slug":"jlu-2017","status":"publish","type":"page","link":"https:\/\/www.jlu.universite-paris-saclay.fr\/?page_id=265","title":{"rendered":"JLU 2017"},"content":{"rendered":"<h2>JLU 2017<\/h2>\n<p>Voir le <a href=\"http:\/\/www.jlu.u-psud.fr\/wp-content\/uploads\/2018\/11\/V8_FLYER_PROGRAMME_JLU2017.pdf\" target=\"_blank\" rel=\"noopener\">programme de la JLU du mercredi 17 mai 2017<\/a><\/p>\n<p><strong><a class=\"external\" href=\"http:\/\/www.video.u-psud.fr\/Mediasite\/Play\/e0fb006476504d2cabdda8b88312336d1d\" target=\"_blank\" rel=\"noopener\">\u00ab\u00a0Faut-il encore apprendre ?\u00a0\u00bb (<\/a><\/strong><a class=\"simple\" href=\"http:\/\/www.video.u-psud.fr\/Mediasite\/Play\/e0fb006476504d2cabdda8b88312336d1d\" target=\"_blank\" rel=\"noopener\"><strong>Sandra ENLART)<\/strong><\/a><\/p>\n<p><em>(Acc\u00e8s r\u00e9serv\u00e9 aux participants)<\/em><\/p>\n<p>Directrice de recherche, membre associ\u00e9 au laboratoire CREF de l&rsquo;universit\u00e9 Paris-Ouest. Son champ de recherche porte sur la formation des adultes. Elle a \u00e9crit notamment deux ouvrages consacr\u00e9s \u00e0 l&rsquo;\u00e9volution des apprentissages et des m\u00e9tiers suite \u00e0 la diffusion d&rsquo;internet : \u00ab\u00a0Faut-il encore apprendre ?\u00a0\u00bb (2010), \u00ab\u00a0A quoi ressemblera le travail demain ?\u00a0\u00bb<\/p>\n<p><strong><a class=\"external\" href=\"http:\/\/www.video.u-psud.fr\/Mediasite\/Play\/5ec85b32875a417caadbfddead07f1db1d\" target=\"_blank\" rel=\"noopener\">\u00a0\u00ab\u00a0L&rsquo;info-apprendre au risque des mondes num\u00e9riques : \u00e9tude des usages num\u00e9riques des \u00e9tudiants\u00a0\u00bb\u00a0<\/a><\/strong><strong><a class=\"simple\" href=\"http:\/\/www.video.u-psud.fr\/Mediasite\/Play\/5ec85b32875a417caadbfddead07f1db1d\">\u00a0S\u00e9raphin ALAVA)<\/a><\/strong><\/p>\n<figure class=\"figure figure--a2l\"><img loading=\"lazy\" decoding=\"async\" class=\"figure_img alignleft\" src=\"http:\/\/www.sciences.u-psud.fr\/_contents-images\/ametys-internal%253Asites\/ufrsciences\/ametys-internal%253Acontents\/journees-pedago-2017-article\/_metadata\/content\/_data\/2017-alava.jpg_140x140\" alt=\"photographie de S\u00e9raphin Alava.\" width=\"140\" height=\"140\" data-pagespeed-url-hash=\"2562523809\" \/><\/figure>\n<p>Professeur en sciences de l\u2019\u00e9ducation \u00e0 l\u2019Universit\u00e9 de Toulouse II, il travaille au sein de l\u2019Unit\u00e9 Mixte de recherche en Education Formation Travail Savoirs. Il travaille sur les dispositifs de formation formelle, non formelle et informelle et sur la virtualisation de ses dispositifs de formation. Chef de file de nombreux projets europ\u00e9ens en mati\u00e8re d\u2019analyse des usages et m\u00e9susages des r\u00e9seaux sociaux, il est \u00e0 l\u2019initiative du consortium PARIYS et coordonne le projet H2020 PRACTICIES sur la caract\u00e9risation et la pr\u00e9vention de la radicalisation en ligne.<\/p>\n<p><strong>Atelier 2 : \u00ab\u00a0Classes invers\u00e9es\u00a0\u00bb <em><a class=\"external\" href=\"http:\/\/www.jlu.u-psud.fr\/wp-content\/uploads\/2018\/02\/2017-05-17-JLU-Atelier-classes-inversees-Bournaud-Ponsonnet.pdf\" target=\"_blank\" rel=\"noopener\">T\u00e9l\u00e9charger les supports de l\u2019atelier<\/a><br \/>\n<\/em><\/strong>Animatrices : Isabelle BOURNAUD &amp; Genevi\u00e8ve PONSONNET<\/p>\n<p><em>Cet atelier propose de r\u00e9fl\u00e9chir et d\u2019\u00e9changer sur la p\u00e9dagogie invers\u00e9e : enjeux, avantages, pr\u00e9cautions, \u2026 . Il s\u2019appuiera notamment sur deux exp\u00e9rimentations mises en place en lyc\u00e9e (physique-chimie) et dans le sup\u00e9rieur en DUT (syst\u00e8mes d\u2019information de gestion).<\/em><\/p>\n<p><strong>Atelier 8 : <em>\u00ab\u00a0<\/em>Adoucir la transition lyc\u00e9e-universit\u00e9<em>\u00a0\u00bb<\/em><\/strong><br \/>\nPr\u00e9sentation des<a class=\"external\" href=\"http:\/\/formation.u-psud.fr\/courses\/RLU\/index.php\" target=\"_blank\" rel=\"noopener\"> ressources produites par le groupe de travail<\/a> liaison lyc\u00e9e-universit\u00e9 (physique-chimie)<\/p>\n","protected":false},"excerpt":{"rendered":"<p>JLU 2017 Voir le programme de la JLU du mercredi 17 mai 2017 \u00ab\u00a0Faut-il encore apprendre ?\u00a0\u00bb (Sandra ENLART) (Acc\u00e8s r\u00e9serv\u00e9 aux participants) Directrice de recherche, membre associ\u00e9 au laboratoire CREF de l&rsquo;universit\u00e9 Paris-Ouest. Son champ de recherche porte sur la formation des adultes. Elle a \u00e9crit notamment deux ouvrages consacr\u00e9s \u00e0 l&rsquo;\u00e9volution des apprentissages &hellip; <\/p>\n<p class=\"link-more\"><a href=\"https:\/\/www.jlu.universite-paris-saclay.fr\/?page_id=265\" class=\"more-link\">Continuer la lecture<span class=\"screen-reader-text\"> de &laquo;&nbsp;JLU 2017&nbsp;&raquo;<\/span><\/a><\/p>\n","protected":false},"author":7,"featured_media":0,"parent":0,"menu_order":0,"comment_status":"closed","ping_status":"closed","template":"","meta":{"footnotes":""},"class_list":["post-265","page","type-page","status-publish","hentry"],"_links":{"self":[{"href":"https:\/\/www.jlu.universite-paris-saclay.fr\/index.php?rest_route=\/wp\/v2\/pages\/265","targetHints":{"allow":["GET"]}}],"collection":[{"href":"https:\/\/www.jlu.universite-paris-saclay.fr\/index.php?rest_route=\/wp\/v2\/pages"}],"about":[{"href":"https:\/\/www.jlu.universite-paris-saclay.fr\/index.php?rest_route=\/wp\/v2\/types\/page"}],"author":[{"embeddable":true,"href":"https:\/\/www.jlu.universite-paris-saclay.fr\/index.php?rest_route=\/wp\/v2\/users\/7"}],"replies":[{"embeddable":true,"href":"https:\/\/www.jlu.universite-paris-saclay.fr\/index.php?rest_route=%2Fwp%2Fv2%2Fcomments&post=265"}],"version-history":[{"count":3,"href":"https:\/\/www.jlu.universite-paris-saclay.fr\/index.php?rest_route=\/wp\/v2\/pages\/265\/revisions"}],"predecessor-version":[{"id":291,"href":"https:\/\/www.jlu.universite-paris-saclay.fr\/index.php?rest_route=\/wp\/v2\/pages\/265\/revisions\/291"}],"wp:attachment":[{"href":"https:\/\/www.jlu.universite-paris-saclay.fr\/index.php?rest_route=%2Fwp%2Fv2%2Fmedia&parent=265"}],"curies":[{"name":"wp","href":"https:\/\/api.w.org\/{rel}","templated":true}]}}

<h2>JLU 2017</h2>
<p>Voir le <a href="http://www.jlu.u-psud.fr/wp-content/uploads/2018/11/V8_FLYER_PROGRAMME_JLU2017.pdf" target="_blank" rel="noopener">programme de la JLU du mercredi 17 mai 2017</a></p>
<p><strong><a class="external" href="http://www.video.u-psud.fr/Mediasite/Play/e0fb006476504d2cabdda8b88312336d1d" target="_blank" rel="noopener">« Faut-il encore apprendre ? » (</a></strong><a class="simple" href="http://www.video.u-psud.fr/Mediasite/Play/e0fb006476504d2cabdda8b88312336d1d" target="_blank" rel="noopener"><strong>Sandra ENLART)</strong></a></p>
<p><em>(Accès réservé aux participants)</em></p>
<p>Directrice de recherche, membre associé au laboratoire CREF de l&rsquo;université Paris-Ouest. Son champ de recherche porte sur la formation des adultes. Elle a écrit notamment deux ouvrages consacrés à l&rsquo;évolution des apprentissages et des métiers suite à la diffusion d&rsquo;internet : « Faut-il encore apprendre ? » (2010), « A quoi ressemblera le travail demain ? »</p>
<p><strong><a class="external" href="http://www.video.u-psud.fr/Mediasite/Play/5ec85b32875a417caadbfddead07f1db1d" target="_blank" rel="noopener"> « L&rsquo;info-apprendre au risque des mondes numériques : étude des usages numériques des étudiants » </a></strong><strong><a class="simple" href="http://www.video.u-psud.fr/Mediasite/Play/5ec85b32875a417caadbfddead07f1db1d"> Séraphin ALAVA)</a></strong></p>
<figure class="figure figure--a2l"><img loading="lazy" decoding="async" class="figure_img alignleft" src="http://www.sciences.u-psud.fr/_contents-images/ametys-internal%253Asites/ufrsciences/ametys-internal%253Acontents/journees-pedago-2017-article/_metadata/content/_data/2017-alava.jpg_140x140" alt="photographie de Séraphin Alava." width="140" height="140" data-pagespeed-url-hash="2562523809" /></figure>
<p>Professeur en sciences de l’éducation à l’Université de Toulouse II, il travaille au sein de l’Unité Mixte de recherche en Education Formation Travail Savoirs. Il travaille sur les dispositifs de formation formelle, non formelle et informelle et sur la virtualisation de ses dispositifs de formation. Chef de file de nombreux projets européens en matière d’analyse des usages et mésusages des réseaux sociaux, il est à l’initiative du consortium PARIYS et coordonne le projet H2020 PRACTICIES sur la caractérisation et la prévention de la radicalisation en ligne.</p>
<p><strong>Atelier 2 : « Classes inversées » <em><a class="external" href="http://www.jlu.u-psud.fr/wp-content/uploads/2018/02/2017-05-17-JLU-Atelier-classes-inversees-Bournaud-Ponsonnet.pdf" target="_blank" rel="noopener">Télécharger les supports de l’atelier</a><br />
</em></strong>Animatrices : Isabelle BOURNAUD &amp; Geneviève PONSONNET</p>
<p><em>Cet atelier propose de réfléchir et d’échanger sur la pédagogie inversée : enjeux, avantages, précautions, … . Il s’appuiera notamment sur deux expérimentations mises en place en lycée (physique-chimie) et dans le supérieur en DUT (systèmes d’information de gestion).</em></p>
<p><strong>Atelier 8 : <em>« </em>Adoucir la transition lycée-université<em> »</em></strong><br />
Présentation des<a class="external" href="http://formation.u-psud.fr/courses/RLU/index.php" target="_blank" rel="noopener"> ressources produites par le groupe de travail</a> liaison lycée-université (physique-chimie)</p>

<p>JLU 2017 Voir le programme de la JLU du mercredi 17 mai 2017 « Faut-il encore apprendre ? » (Sandra ENLART) (Accès réservé aux participants) Directrice de recherche, membre associé au laboratoire CREF de l&rsquo;université Paris-Ouest. Son champ de recherche porte sur la formation des adultes. Elle a écrit notamment deux ouvrages consacrés à l&rsquo;évolution des apprentissages &hellip; </p>
<p class="link-more"><a href="https://www.jlu.universite-paris-saclay.fr/?page_id=265" class="more-link">Continuer la lecture<span class="screen-reader-text"> de &laquo;&nbsp;JLU 2017&nbsp;&raquo;</span></a></p>
